{"id":4620,"date":"2023-05-24T16:31:57","date_gmt":"2023-05-24T15:31:57","guid":{"rendered":"https:\/\/uneinviteedansmonatelier.fr\/?post_type=product&#038;p=4620"},"modified":"2024-05-09T20:03:17","modified_gmt":"2024-05-09T19:03:17","slug":"trousse-elastique","status":"publish","type":"product","link":"https:\/\/uneinviteedansmonatelier.fr\/index.php\/produit\/trousse-elastique\/","title":{"rendered":"Trousse \u00e9lastique"},"content":{"rendered":"","protected":false},"excerpt":{"rendered":"<p>trousse fix\u00e9e \u00e0 un \u00e9lastique dor\u00e9 qui fait le tour du cahier &#8230; et hop &#8230; toujours un crayon \u00e0 port\u00e9e de main et adieu les petits papiers qui tombent<br \/>\nvendu avec ou sans cahier (format 60 pages \u00e0 lignes , 21 x 14.5 cm)<br \/>\ndimension trousse : 16.5 x 11.5 cm<br \/>\nliberty au choix<br \/>\nPossibilit\u00e9 d&rsquo;ajouter des magnets assortis, vendus s\u00e9par\u00e9ment: <span style=\"text-decoration: underline; color: #3366ff;\"><a style=\"color: #3366ff; text-decoration: underline;\" href=\"https:\/\/uneinviteedansmonatelier.fr\/index.php\/produit\/magnet\/\">lot de 8 magnets<\/a><\/span><\/p>\n","protected":false},"featured_media":4627,"template":"","meta":{"_exactmetrics_skip_tracking":false,"_exactmetrics_sitenote_active":false,"_exactmetrics_sitenote_note":"","_exactmetrics_sitenote_category":0},"product_brand":[],"product_cat":[224],"product_tag":[],"class_list":{"0":"post-4620","1":"product","2":"type-product","3":"status-publish","4":"has-post-thumbnail","6":"product_cat-trousses-elastiques","8":"first","9":"instock","10":"shipping-taxable","11":"purchasable","12":"product-type-variable"},"_links":{"self":[{"href":"https:\/\/uneinviteedansmonatelier.fr\/index.php\/wp-json\/wp\/v2\/product\/4620","targetHints":{"allow":["GET"]}}],"collection":[{"href":"https:\/\/uneinviteedansmonatelier.fr\/index.php\/wp-json\/wp\/v2\/product"}],"about":[{"href":"https:\/\/uneinviteedansmonatelier.fr\/index.php\/wp-json\/wp\/v2\/types\/product"}],"wp:featuredmedia":[{"embeddable":true,"href":"https:\/\/uneinviteedansmonatelier.fr\/index.php\/wp-json\/wp\/v2\/media\/4627"}],"wp:attachment":[{"href":"https:\/\/uneinviteedansmonatelier.fr\/index.php\/wp-json\/wp\/v2\/media?parent=4620"}],"wp:term":[{"taxonomy":"product_brand","embeddable":true,"href":"https:\/\/uneinviteedansmonatelier.fr\/index.php\/wp-json\/wp\/v2\/product_brand?post=4620"},{"taxonomy":"product_cat","embeddable":true,"href":"https:\/\/uneinviteedansmonatelier.fr\/index.php\/wp-json\/wp\/v2\/product_cat?post=4620"},{"taxonomy":"product_tag","embeddable":true,"href":"https:\/\/uneinviteedansmonatelier.fr\/index.php\/wp-json\/wp\/v2\/product_tag?post=4620"}],"curies":[{"name":"wp","href":"https:\/\/api.w.org\/{rel}","templated":true}]}}